 = 3162 + -1249. What are the prime factors of u?
1913
Let a(x) = -x**3 + 9*x**2 - 9*x + 12. Let i be a(8). Suppose -p + i*p = 15. Suppose -3*c + 8 = m, -p*c = m - c - 4. What are the prime factors of m?
2, 5
Let b(a) = a - 10. Let k be b(13). Suppose k*n + i = 74, 26 = n - 2*i + i. Suppose 5*p = -n, -3*o + 17 = 4*p - 35. What are the prime factors of o?
2, 3
Suppose 3*z = -3*i + 14757, -3*i + 2*z + 23419 = 8652. List the prime factors of i.
7, 19, 37
Let s = -17 - -13. Let v be 4*(-6)/s - 2. Suppose 0*u = v*u - 108. What are the prime factors of u?
3
Let n(g) = g**3 - 6*g**2 - 7*g. Let p be n(7). Suppose -5*a + i + 3*i + 321 = p, 0 = -2*a - 4*i + 134. What are the prime factors of a?
5, 13
Let n = 88 + -120. List the prime factors of ((-1256)/n + -8)/((-1)/(-4)).
5
Suppose -58*x = -2095 - 19481. What are the prime factors of x?
2, 3, 31
Let u be -211*(8/(-20) + 6/(-10)). Suppose 4*r - 2*n = 640, r + n = u - 48. What are the prime factors of r?
7, 23
Let j(n) = -n**3 - 6*n**2 - 6*n - 5. Let c be j(-5). Suppose c = -3*w + 250 + 20. What are the prime factors of w?
2, 3, 5
Suppose 0 = -3*j, 4*j - 6*j + 4 = 2*o. Suppose 0 = 8*z - 3*z + 2*m - 266, 2*z - o*m - 98 = 0. List the prime factors of z.
2, 13
Suppose 9*m + 3 = 10*m. Suppose j = -b + 50, b + 2*j = m*j + 50. What are the prime factors of b?
2, 5
Let j(i) = 26*i**2 - 6*i + 24. What are the prime factors of j(4)?
2, 13
Suppose -51 - 23 = 2*j. Let s = j + 59. List the prime factors of s.
2, 11
Let y(w) = -w + 1. Let a(u) = 2*u - 4. Let q(v) = -3*a(v) - 8*y(v). Let s be q(10). Let d = 4 + s. What are the prime factors of d?
2, 7
Let i(o) = -3*o - 1. Let k be i(-1). Let h be 0/1 + (5 - k). Suppose -c - 4*u - 50 = -h*c, 2*c + 5*u = 59. List the prime factors of c.
3
Let y be 1263 + 7 + (-6)/(-3). Suppose -9*h + y + 6 = 0. What are the prime factors of h?
2, 71
Let f(j) be the first derivative of 7*j**4/4 + 2*j**3/3 - j**2 - 2*j - 3. List the prime factors of f(2).
2, 29
Let i(m) = m + 8. Let b be i(-8). Suppose -130 = -u - b*u. Suppose -2*q + u - 50 = 0. List the prime factors of q.
2, 5
Let v(d) = d**3 + 14*d**2 + 20*d - 12. Let f be v(-11). Let a = -18 + f. What are the prime factors of a?
113
Let o(w) = 135*w + 3675. List the prime factors of o(0).
3, 5, 7
Let g = -30 + 63. Suppose -5*l + 312 = -153. Suppose -3*t - 2*m = -l, -t = 2*m - g + 2. What are the prime factors of t?
31
Suppose 2023 = 11*n - 7558. What are the prime factors of n?
13, 67
Let f(s) = -6*s + 2. Let w be (-10)/35 + (-60)/(-14). Let h be f(w). List the prime factors of (-172)/h + 6/33.
2
Let i be 5/(-70)*-4610 + 4/(-14). Suppose 0 = 4*m + 3*p - i, 248 = 3*m + 4*p - 2*p. List the prime factors of m.
2, 43
Let n be 2 - (6 + 4 + -4). List the prime factors of (128/(-6))/n*36.
2, 3
List the prime factors of (12/(-9))/(31/(-68169)).
2, 733
Suppose 2*n = -3*n + 15. Let q = n - 1. Suppose -2*i - q + 6 = 0. What are the prime factors of i?
2
Let a = -451 - -812. List the prime factors of 12/15 + a/5.
73
What are the prime factors of 1 - -94*2 - -4?
193
What are the prime factors of -47*((-51)/3 - 1)?
2, 3, 47
Let r(c) = 2550*c + 81. What are the prime factors of r(1)?
3, 877
Suppose -2*r + 3*r = -2220. Let b be 4/14 - r/21. Suppose -4*u = -4*x - 212, -2*u - 2*x = 3*x - b. List the prime factors of u.
53
Suppose 0 = -8*y + 12*y + 144. Let h = 40 + y. Suppose -x = -4*i - 0 - 29, 0 = 5*x + h*i - 241. List the prime factors of x.
3, 5
Suppose -2*b = 5*f + b - 5, -27 = -3*f + 3*b. Suppose -f*r + 4 = -3*r. Suppose -5*s - 4*p = -0*p - 48, r*s - 51 = p. List the prime factors of s.
2, 3
Let p be (-10)/15 - (-23)/3. Let r(u) = -u**2 + 7*u + 8. Let i be r(p). Suppose -3*w = -i*w + 70. List the prime factors of w.
2, 7
Suppose 161*l - 160*l = 3*d + 14, -3*l + 52 = -4*d. List the prime factors of l.
2, 5
Suppose -6 - 190 = 2*p. Let a = p + 155. What are the prime factors of a?
3, 19
Let t(v) = -6*v**3 - 4*v**2 + 14*v - 5. Let b be t(-6). Suppose b = 14*r - 1219. What are the prime factors of r?
163
Suppose 0*h - 7*h + 98 = 0. Let l = 26 - h. List the prime factors of l.
2, 3
Let w = -159 + 330. List the prime factors of w.
3, 19
Let q be 12/7 - (-6)/21. Suppose 5*v + 23 = 3*g + 4, q*g + v = -9. Let i(x) = x**3 + 3*x**2 + x. What are the prime factors of i(g)?
2
Let f(c) = 11*c**2 + 59*c + 10. What are the prime factors of f(16)?
2, 5, 13, 29
Suppose -13*c = -11*c - 2*a - 1510, 5*c - 3781 = -a. List the prime factors of c.
2, 3, 7
Let f(q) = 8*q**2 + 9*q + 44. List the prime factors of f(-6).
2, 139
Let v be (-5)/(-3 - (-33)/12). Let d = 34 + -20. Suppose -v = -3*i - d. What are the prime factors of i?
2
List the prime factors of (22*50)/((-10)/(-10)).
2, 5, 11
Let b(v) = -2 + 10*v**3 + 7 - 4*v**2 - 11*v**3. Let d be b(-7). Suppose -d = -4*y + 4*s, 5*y - 149 = y + 3*s. What are the prime factors of y?
5, 7
Let f be (12/(-10))/(6/15). Let d(k) = k**2 - 2. Let u(m) = 7*m**2 - 8*m - 15. Let x(r) = -2*d(r) + u(r). What are the prime factors of x(f)?
2, 29
Let y(t) = -t + 8. Suppose 16 = -p - 4*l, 0 = -2*p - 2*p - 4*l - 4. List the prime factors of y(p).
2
Let s be ((-30)/21 + 2)/((-2)/(-14)). Suppose -2*t = -s*x - 292, -5*t - 3*x + 836 = 54. What are the prime factors of t?
2, 7, 11
Suppose -246*z + 243*z + 660 = 0. List the prime factors of z.
2, 5, 11
Suppose o - 5 = -4*o, -5*i + 7*o + 7193 = 0. List the prime factors of i.
2, 3, 5
Suppose 4*l = 5*d - 142, 0*d - 2*d + 56 = -2*l. Suppose -72 = -3*x - d. List the prime factors of x.
2, 7
Let k(i) = 15*i - 330. List the prime factors of k(37).
3, 5
Let c = 4589 + 961. List the prime factors of c.
2, 3, 5, 37
Let f be (3/(-6))/((-14)/12 + 1). Suppose 2*g - 181 = -2*c - 35, 0 = g - f. What are the prime factors of c?
2, 5, 7
Suppose 956*r - 2628 = 952*r. What are the prime factors of r?
3, 73
Let j be 6 + 3 + -1 + -4. Suppose -j*z - r = -117, 4*r - 3*r = 3*z - 79. Let s = 80 - z. What are the prime factors of s?
2, 13
Suppose 9 + 6 = 3*y. Suppose -y*u + 343 = -4*j, -59 = -u - 3*j + 7*j. Let o = -9 + u. List the prime factors of o.
2, 31
Suppose 3*u = 4*b + 442, 2*u + 4*b - 69 - 219 = 0. List the prime factors of u.
2, 73
Let c(z) = 108*z. Let h be c(1). Suppose -2*s + h = s. Suppose 3*v - s = -3*v. List the prime factors of v.
2, 3
Suppose 5*f = q - 2383, 2368 = q + 77*f - 79*f. What are the prime factors of q?
2, 3, 131
Let i(r) = -2*r**2 - 71*r + 14. List the prime factors of i(-25).
7, 11
Let f be 6/(-4)*10 + 3. Let k be f/8*-1*2. Suppose 28 = k*j - j. List the prime factors of j.
2, 7
Let u(n) = -3*n + 0 - n**3 + 6*n**2 - 15 + 12*n - 14*n**2. What are the prime factors of u(-11)?
3, 83
Suppose -3*x + m = x - 12, -2*x - 2*m - 4 = 0. Suppose n = g + 161, 145 = 5*n - x*g - 645. Suppose 2*h - n = -h. List the prime factors of h.
2, 13
Let l(x) = 3*x**3 + 8*x - 2. List the prime factors of l(4).
2, 3, 37
Let k(u) = 717*u - 253. List the prime factors of k(7).
2, 2383
Suppose 6*b - 2*b - 1789 = -5*f, -3*f + 2*b = -1069. What are the prime factors of f?
3, 7, 17
Suppose 0 = -b - 2*t - 0*t - 2, -5*b + t + 1 = 0. Suppose m = 5*i + 85, -5*i + 10 = -b. List the prime factors of m.
5, 19
Suppose -11*k = -6*k. Suppose k = r + a + 5 - 24, 58 = 4*r - 2*a. What are the prime factors of 1*(-1 + r + -1)?
2, 7
Suppose 7 + 55 = 2*x. Suppose 3*s = 2*s - 5*h + x, 2 = -h. What are the prime factors of s?
41
Let m(f) = 3*f**2 + 2*f - 3. Let g be m(1). What are the prime factors of -4 + (16 - 0) + g?
2, 7
Let q(b) be the third derivative of -1/24*b**4 + 7*b**2 + 0 + 0*b - 2/3*b**3. What are the prime factors of q(-14)?
2, 5
Let p be (-8)/((-96)/(-45))*-88. Suppose -6*l + p = -0*l. List the prime factors of l.
5, 11
What are the prime factors of ((-370)/(-4))/((-22)/(-220))?
5, 37
Suppose 0 = -v + 4*v - 27. Suppose v*x - 4*x = 130. Let n = x + 2. What are the prime factors of n?
2, 7
Let z(l) = 2*l**2 - 48*l - 504. List the prime factors of z(-34).
2, 5, 43
Let v = 649 + -429. List the prime factors of v.
2, 5, 11
Let l be (-152)/(-20)*(-5)/(-2). Suppose -17*k = -l*k + 334. What are the prime factors of k?
167
Suppose 0 = -74*q + 4*q + 316750. List the prime factors of q.
5, 181
Let n(r) = -16 - 3*r - 14*r**2 - 2*r + 15*r**2. Suppose -a + 16 = a. What are the prime factors of n(a)?
2
Let v(l) = 14*l + 6. Let u(y) = -y*